{"id":145,"date":"2019-07-17T01:43:25","date_gmt":"2019-07-17T04:43:25","guid":{"rendered":"http:\/\/td_uid_1_5d2ea76d9471d"},"modified":"2019-07-17T18:45:09","modified_gmt":"2019-07-17T21:45:09","slug":"news","status":"publish","type":"page","link":"https:\/\/www.guesstecnologia.com.br\/blog\/","title":{"rendered":"News"},"content":{"rendered":"<p>[vc_row parallax_image=&#8221;&#8221;]<br \/>\n[vc_column width=&#8221;1\/1&#8243;]<br \/>\n<div class=\"td_block_wrap td_block_big_grid_6 td_uid_1_69fe1124e18dd_rand td-grid-style-6 td-hover-1 td-pb-border-top td_block_template_8\"  data-td-block-uid=\"td_uid_1_69fe1124e18dd\" ><div id=td_uid_1_69fe1124e18dd class=\"td_block_inner\"><div class=\"td-big-grid-wrapper\">\r\n        <div class=\"td_module_mx5 td-animation-stack td-big-grid-post-0 td-big-grid-post td-big-thumb\">\r\n            <div class=\"td-module-thumb\"><a href=\"https:\/\/www.guesstecnologia.com.br\/blog\/index.php\/2025\/11\/07\/internet-das-coisas-gestao-e-eficiencia-imobiliaria\/\" rel=\"bookmark\" title=\"Internet das coisas, gest\u00e3o e efici\u00eancia imobili\u00e1ria\"><img width=\"534\" height=\"462\" class=\"entry-thumb\" src=\"https:\/\/www.guesstecnologia.com.br\/blog\/wp-content\/uploads\/2025\/11\/copertina-843-534x462.png\" alt=\"\" title=\"Internet das coisas, gest\u00e3o e efici\u00eancia imobili\u00e1ria\"\/><\/a><\/div>            <div class=\"td-meta-info-container\">\r\n                <div class=\"td-meta-align\">\r\n                    <div class=\"td-big-grid-meta\">\r\n                        <a href=\"https:\/\/www.guesstecnologia.com.br\/blog\/index.php\/category\/artigos\/\" class=\"td-post-category\">Artigos<\/a>                        <h3 class=\"entry-title td-module-title\"><a href=\"https:\/\/www.guesstecnologia.com.br\/blog\/index.php\/2025\/11\/07\/internet-das-coisas-gestao-e-eficiencia-imobiliaria\/\" rel=\"bookmark\" title=\"Internet das coisas, gest\u00e3o e efici\u00eancia imobili\u00e1ria\">Internet das coisas, gest\u00e3o e efici\u00eancia imobili\u00e1ria<\/a><\/h3>                    <\/div>\r\n                    <div class=\"td-module-meta-info\">\r\n                        <span class=\"td-post-author-name\"><a href=\"https:\/\/www.guesstecnologia.com.br\/blog\/index.php\/author\/guess\/\">GUESS Tecnologia<\/a> <span>-<\/span> <\/span>                        <span class=\"td-post-date\"><time class=\"entry-date updated td-module-date\" datetime=\"2025-11-07T08:00:21+00:00\" >7 de novembro de 2025<\/time><\/span>                    <\/div>\r\n                <\/div>\r\n            <\/div>\r\n\r\n        <\/div>\r\n\r\n        \r\n        <div class=\"td_module_mx5 td-animation-stack td-big-grid-post-1 td-big-grid-post td-big-thumb\">\r\n            <div class=\"td-module-thumb\"><a href=\"https:\/\/www.guesstecnologia.com.br\/blog\/index.php\/2025\/11\/06\/realidade-aumentada-inovacao-e-tendencias-no-mercado-imobiliario\/\" rel=\"bookmark\" title=\"Realidade aumentada, inova\u00e7\u00e3o e tend\u00eancias no mercado imobili\u00e1rio\"><img width=\"534\" height=\"462\" class=\"entry-thumb\" src=\"https:\/\/www.guesstecnologia.com.br\/blog\/wp-content\/uploads\/2025\/11\/copertina-840-534x462.png\" alt=\"\" title=\"Realidade aumentada, inova\u00e7\u00e3o e tend\u00eancias no mercado imobili\u00e1rio\"\/><\/a><\/div>            <div class=\"td-meta-info-container\">\r\n                <div class=\"td-meta-align\">\r\n                    <div class=\"td-big-grid-meta\">\r\n                        <a href=\"https:\/\/www.guesstecnologia.com.br\/blog\/index.php\/category\/artigos\/\" class=\"td-post-category\">Artigos<\/a>                        <h3 class=\"entry-title td-module-title\"><a href=\"https:\/\/www.guesstecnologia.com.br\/blog\/index.php\/2025\/11\/06\/realidade-aumentada-inovacao-e-tendencias-no-mercado-imobiliario\/\" rel=\"bookmark\" title=\"Realidade aumentada, inova\u00e7\u00e3o e tend\u00eancias no mercado imobili\u00e1rio\">Realidade aumentada, inova\u00e7\u00e3o e tend\u00eancias no mercado imobili\u00e1rio<\/a><\/h3>                    <\/div>\r\n                    <div class=\"td-module-meta-info\">\r\n                        <span class=\"td-post-author-name\"><a href=\"https:\/\/www.guesstecnologia.com.br\/blog\/index.php\/author\/guess\/\">GUESS Tecnologia<\/a> <span>-<\/span> <\/span>                        <span class=\"td-post-date\"><time class=\"entry-date updated td-module-date\" datetime=\"2025-11-06T12:25:28+00:00\" >6 de novembro de 2025<\/time><\/span>                    <\/div>\r\n                <\/div>\r\n            <\/div>\r\n\r\n        <\/div>\r\n\r\n        <div class=\"td-big-grid-scroll\">\r\n        <div class=\"td_module_mx13 td-animation-stack td-big-grid-post-2 td-big-grid-post td-tiny-thumb\">\r\n            <div class=\"td-module-thumb\"><a href=\"https:\/\/www.guesstecnologia.com.br\/blog\/index.php\/2025\/11\/03\/seguranca-cibernetica-imobiliaria-inovacao-e-protecao-digital\/\" rel=\"bookmark\" title=\"Seguran\u00e7a cibern\u00e9tica imobili\u00e1ria: inova\u00e7\u00e3o e prote\u00e7\u00e3o digital\"><img width=\"218\" height=\"150\" class=\"entry-thumb\" src=\"https:\/\/www.guesstecnologia.com.br\/blog\/wp-content\/uploads\/2025\/11\/copertina-836-218x150.png\" srcset=\"https:\/\/www.guesstecnologia.com.br\/blog\/wp-content\/uploads\/2025\/11\/copertina-836-218x150.png 218w, https:\/\/www.guesstecnologia.com.br\/blog\/wp-content\/uploads\/2025\/11\/copertina-836-100x70.png 100w\" sizes=\"(max-width: 218px) 100vw, 218px\" alt=\"\" title=\"Seguran\u00e7a cibern\u00e9tica imobili\u00e1ria: inova\u00e7\u00e3o e prote\u00e7\u00e3o digital\"\/><\/a><\/div>            <div class=\"td-meta-info-container\">\r\n                <div class=\"td-meta-align\">\r\n                    <div class=\"td-big-grid-meta\">\r\n                        <a href=\"https:\/\/www.guesstecnologia.com.br\/blog\/index.php\/category\/artigos\/\" class=\"td-post-category\">Artigos<\/a>                        <h3 class=\"entry-title td-module-title\"><a href=\"https:\/\/www.guesstecnologia.com.br\/blog\/index.php\/2025\/11\/03\/seguranca-cibernetica-imobiliaria-inovacao-e-protecao-digital\/\" rel=\"bookmark\" title=\"Seguran\u00e7a cibern\u00e9tica imobili\u00e1ria: inova\u00e7\u00e3o e prote\u00e7\u00e3o digital\">Seguran\u00e7a cibern\u00e9tica imobili\u00e1ria: inova\u00e7\u00e3o e prote\u00e7\u00e3o digital<\/a><\/h3>                    <\/div>\r\n                <\/div>\r\n            <\/div>\r\n\r\n        <\/div>\r\n\r\n        \r\n        <div class=\"td_module_mx13 td-animation-stack td-big-grid-post-3 td-big-grid-post td-tiny-thumb\">\r\n            <div class=\"td-module-thumb\"><a href=\"https:\/\/www.guesstecnologia.com.br\/blog\/index.php\/2025\/10\/17\/analise-preditiva-gestao-e-resultados\/\" rel=\"bookmark\" title=\"An\u00e1lise preditiva, gest\u00e3o e resultados\"><img width=\"218\" height=\"150\" class=\"entry-thumb\" src=\"https:\/\/www.guesstecnologia.com.br\/blog\/wp-content\/uploads\/2025\/10\/copertina-783-218x150.png\" srcset=\"https:\/\/www.guesstecnologia.com.br\/blog\/wp-content\/uploads\/2025\/10\/copertina-783-218x150.png 218w, https:\/\/www.guesstecnologia.com.br\/blog\/wp-content\/uploads\/2025\/10\/copertina-783-100x70.png 100w, https:\/\/www.guesstecnologia.com.br\/blog\/wp-content\/uploads\/2025\/10\/copertina-783-534x365.png 534w\" sizes=\"(max-width: 218px) 100vw, 218px\" alt=\"\" title=\"An\u00e1lise preditiva, gest\u00e3o e resultados\"\/><\/a><\/div>            <div class=\"td-meta-info-container\">\r\n                <div class=\"td-meta-align\">\r\n                    <div class=\"td-big-grid-meta\">\r\n                        <a href=\"https:\/\/www.guesstecnologia.com.br\/blog\/index.php\/category\/artigos\/\" class=\"td-post-category\">Artigos<\/a>                        <h3 class=\"entry-title td-module-title\"><a href=\"https:\/\/www.guesstecnologia.com.br\/blog\/index.php\/2025\/10\/17\/analise-preditiva-gestao-e-resultados\/\" rel=\"bookmark\" title=\"An\u00e1lise preditiva, gest\u00e3o e resultados\">An\u00e1lise preditiva, gest\u00e3o e resultados<\/a><\/h3>                    <\/div>\r\n                <\/div>\r\n            <\/div>\r\n\r\n        <\/div>\r\n\r\n        \r\n        <div class=\"td_module_mx13 td-animation-stack td-big-grid-post-4 td-big-grid-post td-tiny-thumb\">\r\n            <div class=\"td-module-thumb\"><a href=\"https:\/\/www.guesstecnologia.com.br\/blog\/index.php\/2025\/10\/13\/transformacao-digital-experiencia-imobiliaria-aprimorada\/\" rel=\"bookmark\" title=\"Transforma\u00e7\u00e3o digital: experi\u00eancia imobili\u00e1ria aprimorada\"><img width=\"218\" height=\"150\" class=\"entry-thumb\" src=\"https:\/\/www.guesstecnologia.com.br\/blog\/wp-content\/uploads\/2025\/10\/copertina-760-218x150.png\" srcset=\"https:\/\/www.guesstecnologia.com.br\/blog\/wp-content\/uploads\/2025\/10\/copertina-760-218x150.png 218w, https:\/\/www.guesstecnologia.com.br\/blog\/wp-content\/uploads\/2025\/10\/copertina-760-100x70.png 100w\" sizes=\"(max-width: 218px) 100vw, 218px\" alt=\"\" title=\"Transforma\u00e7\u00e3o digital: experi\u00eancia imobili\u00e1ria aprimorada\"\/><\/a><\/div>            <div class=\"td-meta-info-container\">\r\n                <div class=\"td-meta-align\">\r\n                    <div class=\"td-big-grid-meta\">\r\n                        <a href=\"https:\/\/www.guesstecnologia.com.br\/blog\/index.php\/category\/artigos\/\" class=\"td-post-category\">Artigos<\/a>                        <h3 class=\"entry-title td-module-title\"><a href=\"https:\/\/www.guesstecnologia.com.br\/blog\/index.php\/2025\/10\/13\/transformacao-digital-experiencia-imobiliaria-aprimorada\/\" rel=\"bookmark\" title=\"Transforma\u00e7\u00e3o digital: experi\u00eancia imobili\u00e1ria aprimorada\">Transforma\u00e7\u00e3o digital: experi\u00eancia imobili\u00e1ria aprimorada<\/a><\/h3>                    <\/div>\r\n                <\/div>\r\n            <\/div>\r\n\r\n        <\/div>\r\n\r\n        \r\n        <div class=\"td_module_mx13 td-animation-stack td-big-grid-post-5 td-big-grid-post td-tiny-thumb\">\r\n            <div class=\"td-module-thumb\"><a href=\"https:\/\/www.guesstecnologia.com.br\/blog\/index.php\/2025\/06\/11\/revista-guess-1a-edicao\/\" rel=\"bookmark\" title=\"Revista Guess 1\u00aa edi\u00e7\u00e3o\"><img width=\"218\" height=\"150\" class=\"entry-thumb\" src=\"https:\/\/www.guesstecnologia.com.br\/blog\/wp-content\/uploads\/2025\/06\/Revista-Apresentacao-Guess-218x150.png\" srcset=\"https:\/\/www.guesstecnologia.com.br\/blog\/wp-content\/uploads\/2025\/06\/Revista-Apresentacao-Guess-218x150.png 218w, https:\/\/www.guesstecnologia.com.br\/blog\/wp-content\/uploads\/2025\/06\/Revista-Apresentacao-Guess-100x70.png 100w\" sizes=\"(max-width: 218px) 100vw, 218px\" alt=\"\" title=\"Revista Guess 1\u00aa edi\u00e7\u00e3o\"\/><\/a><\/div>            <div class=\"td-meta-info-container\">\r\n                <div class=\"td-meta-align\">\r\n                    <div class=\"td-big-grid-meta\">\r\n                        <a href=\"https:\/\/www.guesstecnologia.com.br\/blog\/index.php\/category\/artigos\/\" class=\"td-post-category\">Artigos<\/a>                        <h3 class=\"entry-title td-module-title\"><a href=\"https:\/\/www.guesstecnologia.com.br\/blog\/index.php\/2025\/06\/11\/revista-guess-1a-edicao\/\" rel=\"bookmark\" title=\"Revista Guess 1\u00aa edi\u00e7\u00e3o\">Revista Guess 1\u00aa edi\u00e7\u00e3o<\/a><\/h3>                    <\/div>\r\n                <\/div>\r\n            <\/div>\r\n\r\n        <\/div>\r\n\r\n        \r\n        <div class=\"td_module_mx13 td-animation-stack td-big-grid-post-6 td-big-grid-post td-tiny-thumb\">\r\n            <div class=\"td-module-thumb\"><a href=\"https:\/\/www.guesstecnologia.com.br\/blog\/index.php\/2025\/06\/03\/desvendando-o-sucesso\/\" rel=\"bookmark\" title=\"Desvendando o Sucesso\"><img width=\"218\" height=\"150\" class=\"entry-thumb\" src=\"https:\/\/www.guesstecnologia.com.br\/blog\/wp-content\/uploads\/2025\/06\/Praticidade-sistema-Guess-218x150.png\" srcset=\"https:\/\/www.guesstecnologia.com.br\/blog\/wp-content\/uploads\/2025\/06\/Praticidade-sistema-Guess-218x150.png 218w, https:\/\/www.guesstecnologia.com.br\/blog\/wp-content\/uploads\/2025\/06\/Praticidade-sistema-Guess-100x70.png 100w\" sizes=\"(max-width: 218px) 100vw, 218px\" alt=\"\" title=\"Desvendando o Sucesso\"\/><\/a><\/div>            <div class=\"td-meta-info-container\">\r\n                <div class=\"td-meta-align\">\r\n                    <div class=\"td-big-grid-meta\">\r\n                        <a href=\"https:\/\/www.guesstecnologia.com.br\/blog\/index.php\/category\/artigos\/\" class=\"td-post-category\">Artigos<\/a>                        <h3 class=\"entry-title td-module-title\"><a href=\"https:\/\/www.guesstecnologia.com.br\/blog\/index.php\/2025\/06\/03\/desvendando-o-sucesso\/\" rel=\"bookmark\" title=\"Desvendando o Sucesso\">Desvendando o Sucesso<\/a><\/h3>                    <\/div>\r\n                <\/div>\r\n            <\/div>\r\n\r\n        <\/div>\r\n\r\n        <\/div><\/div><div class=\"clearfix\"><\/div><\/div><\/div> <!-- .\/block --><br \/>\n[\/vc_column]<br \/>\n[\/vc_row]<\/p>\n","protected":false},"excerpt":{"rendered":"<p>[vc_row parallax_image=&#8221;&#8221;] [vc_column width=&#8221;1\/1&#8243;] [\/vc_column] [\/vc_row]<\/p>\n","protected":false},"author":1,"featured_media":0,"parent":0,"menu_order":0,"comment_status":"open","ping_status":"closed","template":"page-pagebuilder-latest.php","meta":[],"_links":{"self":[{"href":"https:\/\/www.guesstecnologia.com.br\/blog\/index.php\/wp-json\/wp\/v2\/pages\/145"}],"collection":[{"href":"https:\/\/www.guesstecnologia.com.br\/blog\/index.php\/wp-json\/wp\/v2\/pages"}],"about":[{"href":"https:\/\/www.guesstecnologia.com.br\/blog\/index.php\/wp-json\/wp\/v2\/types\/page"}],"author":[{"embeddable":true,"href":"https:\/\/www.guesstecnologia.com.br\/blog\/index.php\/wp-json\/wp\/v2\/users\/1"}],"replies":[{"embeddable":true,"href":"https:\/\/www.guesstecnologia.com.br\/blog\/index.php\/wp-json\/wp\/v2\/comments?post=145"}],"version-history":[{"count":9,"href":"https:\/\/www.guesstecnologia.com.br\/blog\/index.php\/wp-json\/wp\/v2\/pages\/145\/revisions"}],"predecessor-version":[{"id":276,"href":"https:\/\/www.guesstecnologia.com.br\/blog\/index.php\/wp-json\/wp\/v2\/pages\/145\/revisions\/276"}],"wp:attachment":[{"href":"https:\/\/www.guesstecnologia.com.br\/blog\/index.php\/wp-json\/wp\/v2\/media?parent=145"}],"curies":[{"name":"wp","href":"https:\/\/api.w.org\/{rel}","templated":true}]}}